002112202 (base 3) in base 9?
-862482
Convert 3c5ec (base 15) to base 11.
122601
Convert 650a6 (base 14) to base 16.
3ba8a
782617 (base 13) to base 3
12022221002201
What is -2266165 (base 7) in base 10?
-285472
Convert 10302001313 (base 4) to base 9.
2320422
Convert 12468a (base 12) to base 6.
10220254
Convert -267275 (base 11) to base 16.
-66705
What is 2020461 (base 7) in base 11?
154630
Convert 1901839 (base 10) to base 15.
278794
-350042 (base 7) to base 8
-171770
What is 30330312 (base 4) in base 8?
147466
What is 44803 (base 11) in base 16?
fd5b
What is 1c82cb (base 15) in base 7?
14565434
What is 52530015 (base 8) in base 16?
aab00d
Convert -441625 (base 7) to base 4.
-102322300
-1001000100111011000010 (base 2) to base 8
-11047302
What is -273c4c (base 14) in base 3?
-2112212000001
Convert 49359 (base 10) to base 6.
1020303
-2031210231 (base 4) to base 12
-23b6b9
Convert 386487b (base 12) to base 15.
e8d4a8
What is -42a70 (base 11) in base 10?
-62513
What is -1133171 (base 9) in base 4?
-2111202121
-101225 (base 8) to base 4
-20022111
What is 501706 (base 9) in base 14?
7a0dd
-33221100 (base 6) to base 11
-621a3a
-132311131 (base 5) to base 15
-d26cb
2b612 (base 14) to base 5
11430313
What is 321121443 (base 5) in base 4?
11021030111
What is -760384 (base 13) in base 11?
-1622a10
What is 164105 (base 11) in base 7?
2106352
32874a1 (base 12) to base 4
210300013321
-5dd2 (base 16) to base 15
-71b3
-123000111 (base 4) to base 15
-22b93
What is -3312111112 (base 4) in base 14?
-1c39c2
Convert 111011110110001 (base 2) to base 3.
1120000212
-175a2a9 (base 14) to base 6
-1050443125
What is -3dd570 (base 15) in base 5?
-1230400410
110101001011011110011 (base 2) to base 16
1a96f3
Convert -121100203003 (base 4) to base 10.
-6621379
Convert 1141411 (base 5) to base 16.
53e9
Convert -111110111101111110111 (base 2) to base 5.
-1012011401
Convert -21010102221022 (base 3) to base 10.
-3787838
Convert 1d078d (base 16) to base 2.
111010000011110001101
Convert -30200201 (base 4) to base 14.
-14957
Convert 322304 (base 12) to base 10.
791860
What is -3abf9c (base 16) in base 6?
-214304420
What is -10101222 (base 4) in base 6?
-213030
Convert -29001b (base 12) to base 4.
-2213010113
26767 (base 9) to base 16
46cc
What is 112165406 (base 7) in base 13?
1560c80
Convert -102023211 (base 4) to base 16.
-122e5
What is -33bb (base 13) in base 3?
-100221121
Convert 550742 (base 8) to base 5.
21403202
Convert 6505e (base 15) to base 9.
537838
What is -24301311 (base 5) in base 12?
-b0177
160414 (base 11) to base 4
330320310
-3cc365 (base 13) to base 7
-15416156
-42c91d (base 16) to base 4
-100230210131
What is -111111011111011011100 (base 2) in base 6?
-112331500
-743288 (base 9) to base 16
-6bea0
What is 2511323 (base 11) in base 5?
2104132422
1e1ee (base 15) to base 2
11000000000010100
144537 (base 9) to base 14
24440
14c996 (base 14) to base 3
1100220022110
Convert -674421 (base 13) to base 3.
-11120211011210
Convert -1fccfa (base 16) to base 13.
-57c7b8
What is -1355310 (base 7) in base 13?
-64a79
Convert -30140320 (base 5) to base 15.
-4b20a
-1021402 (base 6) to base 5
-3041420
215648 (base 9) to base 2
11111011101000010
c663 (base 15) to base 13
16125
What is -2124057 (base 14) in base 7?
-250214140
-4e2b6 (base 16) to base 6
-10510154
Convert ab688 (base 13) to base 7.
2433265
Convert -1000011101001010001101 (base 2) to base 13.
-5c7bbb
What is 2001010212210 (base 3) in base 7?
12140262
What is -14044430 (base 5) in base 7?
-1136032
564152 (base 7) to base 16
1863b
What is 646320 (base 8) in base 12?
a51a8
Convert -125151 (base 13) to base 2.
-1101011010101010011
Convert 2123725 (base 10) to base 9.
3886174
What is -4776653 (base 8) in base 11?
-815351
What is 261ac (base 15) in base 16?
1dc1f
What is 122042400 (base 5) in base 4?
2031311233
221122 (base 7) to base 5
2220244
Convert 2ac10 (base 13) to base 15.
1908d
-2014401244 (base 5) to base 12
-143935a
What is -10235620 (base 8) in base 6?
-114403012
-143212233 (base 5) to base 11
-477988
What is -3032476 (base 9) in base 11?
-a04021
2e7814 (base 15) to base 10
2252944
What is -1777341 (base 8) in base 7?
-4311462
Convert 11de71 (base 15) to base 8.
3212053
What is a5daa6 (base 15) in base 13?
183490b
What is -100121121001 (base 3) in base 2?
-101110001100111100
Convert 121210113 (base 4) to base 14.
2a247
What is 222450 (base 6) in base 9?
27643
-321113013 (base 4) to base 7
-1665663
Convert -c6323 (base 15) to base 6.
-21245310
-25a90d (base 14) to base 11
-806461
110100221210020 (base 3) to base 12
224bb59
-213030 (base 5) to base 13
-33cb
-434379 (base 14) to base 5
-1040400330
What is -3130420 (base 5) in base 8?
-145421
Convert -535367 (base 12) to base 2.
-101000001001010111111
Convert -58ebc (base 16) to base 12.
-156938
1011412330 (base 5) to base 3
10212200020220
b662a (base 16) to base 12
3003a2
What is 320a6 (base 13) in base 2?
10110000001100101
Convert 934584 (base 11) to base 13.
406629
-13babd3 (base 14) to base 4
-210212213211
2661a9 (base 13) to base 3
1202010012201
Convert 30422141 (base 5) to base 11.
15a708
What is 123201302 (base 4) in base 12?
55302
110211110123 (base 4) to base 16
52551b
Convert 2d091 (base 15) to base 6.
3040301
1202102023 (base 4) to base 10
402571
What is -404567 (base 8) in base 14?
-36915
What is -1122213221 (base 5) in base 7?
-30402024
15282 (base 12) to base 15
8c42
What is -818512 (base 10) in base 13?
-228736
What is -346 (base 16) in base 13?
-4c6
Convert -2311132011 (base 4) to base 8.
-2653605
Convert -279349a (base 13) to base 11.
-707a323
Convert 2c3b15 (base 13) to base 2.
100001011000010011010
Convert -5171a3 (base 11) to base 15.
-115b67
What is -3ff4e (base 16) in base 3?
-111022100110
What is -124321223 (base 6) in base 14?
-47b9cb
Convert 61180c (base 14) to base 2.
1100011110010000110100
Convert -465688 (base 9) to base 7.
-2243444
What is -1053513550 (base 6) in base 4?
-230132102022
Convert 588ab4 (base 13) to base 8.
10016056
What is -524001424 (base 6) in base 8?
-42705170
52a404 (base 14) to base 16
2aa2c4
What is 132111112033 (base 4) in base 3?
112221222202121
What is bad90 (base 14) in base 15?
8e1e5
-8d45d (base 15) to base 14
-b9d31
Convert 64727 (base 9) to base 10.
42874
What is 1220220120121 (base 3) in base 2?
11111001011100110110
-3931199 (base 10) to base 11
-2245628
160855 (base 9) to base 10
99113
What is 320263 (base 10) in base 3?
121021022121
What is -10001001101100101001 (base 2) in base 5?
-121022014
What is 347aa (base 11) in base 8?
142046
Convert -113320121112 (base 4) to base 13.
-13b2634
Convert -282040 (base 11) to base 6.
-13250000
What is 11033031031 (base 4) in base 2?
101001111001101001101
What is -15790296 (base 10) in base 8?
-74170330
What is 1033122333 (base 4) in base 9?
545216
332011443 (base 5) to base 14
29628d
What is 7996975 (base 10) in base 4?
132200120233
228366 (base 14) to base 15
1832aa
What is -1001011001000000100110 (base 2) in base 4?
-21121000212
5608963 (base 10) to base 15
75bdad
Convert 662135 (base 9) to base 14.
a406b
11311132 (base 4) to base 16
5d5e
-31131212300 (base 4) to base 2
-1101011101100110110000
Convert -121121111102221 (base 3) to base 12.
-2b58807
Convert 321a10 (base 11) to base 6.
15012111
What is -351522 (base 7) in base 2?
-1111011000110110
-6081 (base 12) to base 11
-7954
Convert 10010101010110001110 (base 2) to base 15.
c13bb
What is -13954 (base 13) in base 16?
-8f86
What is -2552555 (base 8) in base 3?
-1100001221012
Convert -19344 (base 13) to base 7.
-262362
What is 3244261 (base 7) in base 6?
12305034
Convert -105b402 (base 13) to base 4.
-103003112123
-423513 (base 8) to base 6
-3005215
Convert 141013213 (base 5) to base 13.
1c282b
Convert 691025 (base 12) to base 2.
110011010011111011101
What is 3343423022 (base 5) in base 15?
9b400c
What is -10095491 (base 10) in base 14?
-14ab187
Convert -123ea7 (base 15) to base 6.
-30422321
3145345 (base 6) to base 10
154145
-4308278 (base 11) to base 14
-1014752
Convert -24166521 (base 7) to base 13.
-5a420c
Convert -45077465 (base 8) to base 7.
-145501603
310151 (base 6) to base 14
8dd9
What is -14202051 (base 6) in base 12?
-1b3327
-74d2a0 (base 14) to base 2
-1111000101011111001100
Convert 47a963 (base 16) to bas